{"id":198,"date":"2025-10-16T07:40:11","date_gmt":"2025-10-16T07:40:11","guid":{"rendered":"https:\/\/saintes-hypnose.dev-artgrafik.com\/?page_id=198"},"modified":"2025-10-23T10:15:09","modified_gmt":"2025-10-23T10:15:09","slug":"deuil","status":"publish","type":"page","link":"https:\/\/saintes-hypnose.dev-artgrafik.com\/?page_id=198","title":{"rendered":"Deuil"},"content":{"rendered":"<div>\n<p>    <img decoding=\"async\" src=\"\/wp-content\/uploads\/pexels-photo-7317685-scaled.jpeg\" alt=\"\"><\/p>\n<\/div>\n<div>\n<p><u>Revivre apr\u00e8s un Deuil<\/u><\/p>\n<p>Perdre un \u00eatre cher (e), que ce soit apr\u00e8s une rupture ou une maladie, le deuil s&rsquo;impose \u00e0 nous.<\/p>\n<p>En p\u00e9riode de deuil, la vie n\u2019est plus une vie, mais une SURVIE. Nous devons faire face \u00e0 toutes sortes de deuils dans l\u2019existence d\u2019une vie\u2026 Pour les enfants : deuil d\u2019un ami ; d\u2019une ancienne \u00e9cole ; d\u2019une vie avec les deux parents sous le m\u00eame toit ; d\u2019un doudou ; d\u2019un animal de compagnie ; d\u2019un grand-parent\u2026 etc. Et pour les adultes : deuil d\u2019une maison, d\u2019un travail, d\u2019une relation amoureuse, d\u2019un \u00e9tat physique (apr\u00e8s un AVC ou un accident), d\u2019un \u00eatre cher(e), d\u2019un animal de compagnie, d\u2019un r\u00eave d\u2019enfant, d\u2019un p\u00e8re ou d\u2019une m\u00e8re id\u00e9ale, d\u2019un mari ou d\u2019une femme id\u00e9ale et bien d\u2019autres\u2026 Bien sur, heureusement que nous n\u2019avons pas besoin de faire une s\u00e9ance de deuil avec un th\u00e9rapeute chaque fois que nous en traversions un. C\u2019est seulement quand un sch\u00e9ma se r\u00e9p\u00e8te, le mal-\u00eatre persiste, que quelque chose g\u00e9n\u00e8re comme une barri\u00e8re au bien-\u00eatre, \u00e0 l\u2019\u00e9panouissement, et \u00e0 la vie \u00e0 venir, qu\u2019il est int\u00e9ressant de s\u2019interroger sur cette question. D\u2019autant plus que dans un processus de deuil important, il y a la phase de d\u00e9pression plus ou moins longue, plus ou moins facile \u00e0 surmonter selon les personnes et les situations\u2026 Un travail efficace et d\u00e9finitif ne peut se faire qu\u2019avec l\u2019inconscient, l\u2019hypnose permet \u00e0 cela. C\u2019est ce qui explique pourquoi beaucoup de gens qui ont d\u00e9j\u00e0 fait une th\u00e9rapie sur un sujet et qui continue \u00e0 avoir des \u00e9motions tr\u00e8s forte rien qu\u2019en r\u00e9voquant la personne perdue, ou la situation inachev\u00e9e\u2026 Lorsqu\u2019une chose est r\u00e9gl\u00e9e, il n\u2019y a plus d\u2019\u00e9motion n\u00e9gative, ni besoin d\u2019en reparler\u2026 Apr\u00e8s chaque deuil, vient une re-naissance !<\/p>\n<\/div>\n<p><!--more--><br \/>\n<!-- {\"type\":\"layout\",\"children\":[{\"type\":\"section\",\"props\":{\"header_transparent\":true,\"header_transparent_noplaceholder\":true,\"image_position\":\"center-center\",\"padding_remove_bottom\":false,\"padding_remove_top\":true,\"style\":\"default\",\"title_breakpoint\":\"xl\",\"title_position\":\"top-left\",\"title_rotation\":\"left\",\"vertical_align\":\"middle\",\"width\":\"\"},\"children\":[{\"type\":\"row\",\"children\":[{\"type\":\"column\",\"props\":{\"image_position\":\"center-center\",\"position_sticky_breakpoint\":\"m\"},\"children\":[{\"type\":\"slideshow\",\"props\":{\"content_expand\":false,\"image_loading\":true,\"image_width\":2000,\"link\":\"?page_id=198\",\"link_style\":\"default\",\"link_text\":\"Read more\",\"margin\":\"default\",\"meta_align\":\"below-title\",\"meta_element\":\"div\",\"meta_style\":\"text-meta\",\"nav\":\"dotnav\",\"nav_align\":\"center\",\"nav_breakpoint\":\"s\",\"nav_position\":\"bottom-center\",\"nav_position_margin\":\"medium\",\"overlay_animation\":\"parallax\",\"overlay_margin\":\"large\",\"overlay_position\":\"center\",\"overlay_style\":\"tile-default\",\"overlay_width\":\"large\",\"show_content\":true,\"show_link\":true,\"show_meta\":true,\"show_thumbnail\":true,\"show_title\":true,\"slidenav\":\"\",\"slidenav_breakpoint\":\"s\",\"slidenav_margin\":\"medium\",\"slidenav_outside_breakpoint\":\"xl\",\"slideshow_autoplay_pause\":true,\"slideshow_kenburns_duration\":\"24\",\"slideshow_max_height\":\"600\",\"slideshow_min_height\":300,\"slideshow_parallax\":false,\"slideshow_parallax_easing\":\"-0.9\",\"slideshow_parallax_start\":\"600\",\"thumbnav_height\":\"75\",\"thumbnav_svg_color\":\"emphasis\",\"thumbnav_width\":\"100\",\"title_element\":\"h3\",\"title_hover_style\":\"reset\"},\"children\":[{\"type\":\"slideshow_item\",\"props\":{\"image\":\"wp-content\\\/uploads\\\/pexels-photo-7317685-scaled.jpeg\"}}]}]}]}],\"name\":\"Header\"},{\"type\":\"section\",\"props\":{\"image_position\":\"center-center\",\"style\":\"default\",\"title_breakpoint\":\"xl\",\"title_position\":\"top-left\",\"title_rotation\":\"left\",\"vertical_align\":\"middle\",\"width\":\"default\"},\"children\":[{\"type\":\"row\",\"children\":[{\"type\":\"column\",\"props\":{\"image_position\":\"center-center\",\"position_sticky_breakpoint\":\"m\"},\"children\":[{\"type\":\"text\",\"props\":{\"column_breakpoint\":\"m\",\"content\":\"\n\n<p><u>Revivre apr\\u00e8s un Deuil<\\\/u><\\\/p>\\n\n\n<p>Perdre un \\u00eatre cher (e), que ce soit apr\\u00e8s une rupture ou une maladie, le deuil s'impose \\u00e0 nous.<\\\/p>\\n\n\n<p>En p\\u00e9riode de deuil, la vie n\\u2019est plus une vie, mais une SURVIE. Nous devons faire face \\u00e0 toutes sortes de deuils dans l\\u2019existence d\\u2019une vie\\u2026 Pour les enfants : deuil d\\u2019un ami ; d\\u2019une ancienne \\u00e9cole ; d\\u2019une vie avec les deux parents sous le m\\u00eame toit ; d\\u2019un doudou ; d\\u2019un animal de compagnie ; d\\u2019un grand-parent\\u2026 etc. Et pour les adultes : deuil d\\u2019une maison, d\\u2019un travail, d\\u2019une relation amoureuse, d\\u2019un \\u00e9tat physique (apr\\u00e8s un AVC ou un accident), d\\u2019un \\u00eatre cher(e), d\\u2019un animal de compagnie, d\\u2019un r\\u00eave d\\u2019enfant, d\\u2019un p\\u00e8re ou d\\u2019une m\\u00e8re id\\u00e9ale, d\\u2019un mari ou d\\u2019une femme id\\u00e9ale et bien d\\u2019autres\\u2026 Bien sur, heureusement que nous n\\u2019avons pas besoin de faire une s\\u00e9ance de deuil avec un th\\u00e9rapeute chaque fois que nous en traversions un. C\\u2019est seulement quand un sch\\u00e9ma se r\\u00e9p\\u00e8te, le mal-\\u00eatre persiste, que quelque chose g\\u00e9n\\u00e8re comme une barri\\u00e8re au bien-\\u00eatre, \\u00e0 l\\u2019\\u00e9panouissement, et \\u00e0 la vie \\u00e0 venir, qu\\u2019il est int\\u00e9ressant de s\\u2019interroger sur cette question. D\\u2019autant plus que dans un processus de deuil important, il y a la phase de d\\u00e9pression plus ou moins longue, plus ou moins facile \\u00e0 surmonter selon les personnes et les situations\\u2026 Un travail efficace et d\\u00e9finitif ne peut se faire qu\\u2019avec l\\u2019inconscient, l\\u2019hypnose permet \\u00e0 cela. C\\u2019est ce qui explique pourquoi beaucoup de gens qui ont d\\u00e9j\\u00e0 fait une th\\u00e9rapie sur un sujet et qui continue \\u00e0 avoir des \\u00e9motions tr\\u00e8s forte rien qu\\u2019en r\\u00e9voquant la personne perdue, ou la situation inachev\\u00e9e\\u2026 Lorsqu\\u2019une chose est r\\u00e9gl\\u00e9e, il n\\u2019y a plus d\\u2019\\u00e9motion n\\u00e9gative, ni besoin d\\u2019en reparler\\u2026 Apr\\u00e8s chaque deuil, vient une re-naissance !<\\\/p>\",\"margin\":\"default\"}}]}]}]}],\"version\":\"4.5.28\"} --><\/p>\n","protected":false},"excerpt":{"rendered":"<p>Revivre apr\u00e8s un Deuil Perdre un \u00eatre cher (e), que ce soit apr\u00e8s une rupture ou une maladie, le deuil s&rsquo;impose \u00e0 nous. En p\u00e9riode de deuil, la vie n\u2019est plus une vie, mais une SURVIE. Nous devons faire face \u00e0 toutes sortes de deuils dans l\u2019existence d\u2019une vie\u2026 Pour les enfants : deuil d\u2019un [&hellip;]<\/p>\n","protected":false},"author":3,"featured_media":0,"parent":0,"menu_order":0,"comment_status":"closed","ping_status":"closed","template":"","meta":{"footnotes":""},"class_list":["post-198","page","type-page","status-publish","hentry"],"_links":{"self":[{"href":"https:\/\/saintes-hypnose.dev-artgrafik.com\/index.php?rest_route=\/wp\/v2\/pages\/198","targetHints":{"allow":["GET"]}}],"collection":[{"href":"https:\/\/saintes-hypnose.dev-artgrafik.com\/index.php?rest_route=\/wp\/v2\/pages"}],"about":[{"href":"https:\/\/saintes-hypnose.dev-artgrafik.com\/index.php?rest_route=\/wp\/v2\/types\/page"}],"author":[{"embeddable":true,"href":"https:\/\/saintes-hypnose.dev-artgrafik.com\/index.php?rest_route=\/wp\/v2\/users\/3"}],"replies":[{"embeddable":true,"href":"https:\/\/saintes-hypnose.dev-artgrafik.com\/index.php?rest_route=%2Fwp%2Fv2%2Fcomments&post=198"}],"version-history":[{"count":12,"href":"https:\/\/saintes-hypnose.dev-artgrafik.com\/index.php?rest_route=\/wp\/v2\/pages\/198\/revisions"}],"predecessor-version":[{"id":244,"href":"https:\/\/saintes-hypnose.dev-artgrafik.com\/index.php?rest_route=\/wp\/v2\/pages\/198\/revisions\/244"}],"wp:attachment":[{"href":"https:\/\/saintes-hypnose.dev-artgrafik.com\/index.php?rest_route=%2Fwp%2Fv2%2Fmedia&parent=198"}],"curies":[{"name":"wp","href":"https:\/\/api.w.org\/{rel}","templated":true}]}}